ab
-1a1a45 (base 14) to base 9
-1662231
Convert 1101322 (base 6) to base 3.
2210010112
235230 (base 6) to base 7
114042
What is 1c5b11 (base 13) in base 3?
1100221002121
Convert -130101 (base 4) to base 13.
-a92
-b4b371 (base 16) to base 8
-55131561
8a31b (base 15) to base 13
12503c
11536216 (base 8) to base 6
130224542
Convert 11011100000111100100 (base 2) to base 5.
212322404
What is -50553 (base 11) in base 15?
-16d48
Convert 8367720 (base 10) to base 4.
133322321220
1d186 (base 16) to base 2
11101000110000110
Convert -97fdc (base 16) to base 5.
-124410211
Convert -3467024 (base 8) to base 9.
-1701210
What is -4444021 (base 5) in base 2?
-10011000010111011
Convert -37dcc2 (base 15) to base 4.
-22032013121
Convert 8015aa (base 16) to base 5.
4122103104
What is 221210120120202 (base 3) in base 2?
110100010011010110001000
-4037d (base 14) to base 11
-a5a80
What is 1012021231222 (base 4) in base 6?
1454054134
Convert -899607 (base 12) to base 5.
-1030144303
Convert -131312311313 (base 4) to base 5.
-4000424212
242102340 (base 5) to base 13
306845
What is -10222103222 (base 4) in base 9?
-2262068
-10101101011011001001000 (base 2) to base 12
-1aa0774
Convert -171b32 (base 14) to base 4.
-3012022200
602b1 (base 13) to base 2
101001111101001000
Convert 168941 (base 13) to base 4.
2021022101
What is -101110110010101111101010 (base 2) in base 12?
-41367a2
Convert -61526426 (base 7) to base 4.
-103221111002
Convert -1000101101110100110 (base 2) to base 12.
-119346
Convert -1002010110012 (base 3) to base 9.
-1063405
-56424052 (base 7) to base 15
-66ae9d
What is -42312012 (base 6) in base 7?
-13344452
What is 6061565 (base 9) in base 2?
1100010100011000010101
Convert -343c53 (base 15) to base 7.
-30123522
Convert -13335351 (base 6) to base 7.
-3545053
What is 2400124034 (base 5) in base 14?
a26aa8
What is -9205889 (base 10) in base 2?
-100011000111100010000001
1453522 (base 8) to base 3
210010001111
-1001120212210 (base 3) to base 5
-121001301
-af461 (base 16) to base 11
-450426
Convert -135539 (base 14) to base 16.
-a30af
Convert 287400 (base 11) to base 4.
1231220013
What is f32bc (base 16) in base 6?
33203124
-1012043 (base 7) to base 8
-353677
166865 (base 9) to base 12
4ba88
What is 1010010000101011000 (base 2) in base 15?
69946
22456 (base 12) to base 8
131002
Convert 32102321233 (base 4) to base 9.
7041461
What is 23012323102 (base 4) in base 10?
2911954
-887d09 (base 14) to base 10
-4631685
Convert 2689a (base 11) to base 5.
2211340
-5c908 (base 14) to base 7
-1633111
Convert -147661 (base 14) to base 10.
-711957
What is -120718 (base 11) in base 3?
-100201021110
25b30b (base 12) to base 3
1011112120102
37764 (base 9) to base 13
b749
What is -11022332110 (base 4) in base 11?
-846596
-392893 (base 10) to base 14
-a327b
What is -2c127 (base 14) in base 11?
-75702
Convert -2208472 (base 10) to base 13.
-5c42b6
-120113023111 (base 4) to base 2
-11000010111001011010101
117748 (base 10) to base 2
11100101111110100
Convert -13212033111 (base 4) to base 9.
-3665010
What is -1158787 (base 9) in base 3?
-1011222212221
-20131102201 (base 4) to base 15
-2dbdd1
-91cd (base 14) to base 2
-110000111110001
What is 47272a (base 11) in base 3?
1102010010101
What is -630d7 (base 14) in base 7?
-2013360
-176096 (base 15) to base 5
-242243031
-102212122121001 (base 3) to base 15
-84a091
Convert -66a3332 (base 11) to base 3.
-211002210010120
What is 85c45 (base 16) in base 4?
2011301011
What is 1ee96e (base 15) in base 4?
11302133000
What is -102362466 (base 7) in base 15?
-7ec456
34014 (base 13) to base 3
11210121120
Convert -a9f7f4 (base 16) to base 9.
-22856823
Convert 1b23 (base 15) to base 13.
28a7
-420657 (base 10) to base 8
-1465461
-121112000102 (base 3) to base 5
-40401040
2156200 (base 10) to base 3
11001112202021
Convert -2226620 (base 7) to base 16.
-43670
Convert -3412343300 (base 5) to base 10.
-7543575
What is -436af (base 16) in base 7?
-2230040
-1310132023 (base 4) to base 16
-7478b
Convert -11031302 (base 4) to base 10.
-21362
Convert -6a2b4a (base 12) to base 8.
-6402752
Convert 2203062 (base 10) to base 14.
414c18
What is 1000000011111000001001 (base 2) in base 4?
20003320021
Convert -7417414 (base 8) to base 15.
-28ed6d
What is 303375 (base 8) in base 13?
36736
-10011110010011101001001 (base 2) to base 9
-10675688
54857b (base 16) to base 12
1a31677
-4424121 (base 6) to base 14
-5a8a5
-2ac3c (base 13) to base 14
-2181d
465127 (base 9) to base 12
115781
-10010001111000010001 (base 2) to base 4
-2101320101
What is 100221000220 (base 3) in base 10?
195396
What is -134517 (base 10) in base 15?
-29ccc
Convert 4564563 (base 7) to base 13.
16c9bc
Convert 95412 (base 10) to base 8.
272264
Convert 110011100000100010 (base 2) to base 16.
33822
7de1d (base 16) to base 11
32242a
What is -12b03b1 (base 14) in base 13?
-1b41613
What is -91484 (base 12) in base 4?
-232021210
15908a (base 12) to base 14
9825c
110010011110111 (base 2) to base 7
135233
What is 1a2435 (base 11) in base 6?
10354101
What is 5366427 (base 8) in base 4?
11132310113
Convert 113330001 (base 5) to base 9.
882657
What is 10112413 (base 5) in base 2?
10100000100111001
123351100 (base 6) to base 10
2409516
11310300121 (base 4) to base 9
2776344
6101310 (base 7) to base 3
1100202001010
Convert 10000101010110000001010 (base 2) to base 10.
4369418
-1311213 (base 4) to base 15
-236c
Convert -447a3 (base 13) to base 8.
-362674
13266340 (base 7) to base 3
2022022202221
-155550303 (base 6) to base 9
-6277333
Convert 1101001011101010 (base 2) to base 8.
151352
What is 1101110101000110100 (base 2) in base 12?
19a304
What is 90797 (base 10) in base 15?
1bd82
Convert -14208558 (base 9) to base 14.
-d1113b
Convert 2707ad (base 15) to base 9.
3466741
55606562 (base 7) to base 12
173b0a5
aca8f (base 16) to base 9
1287104
Convert -44113601 (base 7) to base 11.
-2155a52
What is 56c01c (base 13) in base 14?
3b68a0
Convert -337191 (base 11) to base 3.
-1000021002121
What is 4152d4 (base 15) in base 12?
1059301
What is -5a584b8 (base 12) in base 4?
-1002321113030
What is -38d91 (base 14) in base 10?
-139875
756361 (base 13) to base 5
1201134444
c5c42 (base 14) to base 13
139229
What is -114a22 (base 15) in base 13?
-22bb39
What is 344846 (base 9) in base 16?
32895
-4c813 (base 13) to base 16
-22a98
What is 8b166 (base 12) in base 4?
231030132
735056 (base 9) to base 8
1524762
Convert 441224 (base 8) to base 16.
24294
-1010001000001111001 (base 2) to base 5
-41110042
-15e25c (base 15) to base 14
-1d858b
What is 6245361 (base 7) in base 16?
b75a9
Convert -26daa9 (base 15) to base 11.
-1067055
What is 3b994 (base 14) in base 6?
3054022
What is -20001200 (base 3) in base 2?
-1000101000011
What is -1300310101 (base 4) in base 16?
-70d11
Convert 153233 (base 10) to base 7.
1205513
What is -34e782 (base 15) in base 2?
-1001101001100100100100
What is -100002011222222 (base 3) in base 7?
-56006624
1351324 (base 6) to base 12
38544
What is 1829198 (base 10) in base 15?
261eb8
Convert -9b9a39 (base 13) to base 3.
-20220211100000
-1157444 (base 8) to base 6
-10502032
Convert 2000222122 (base 3) to base 12.
1b245
48014 (base 9) to base 15
9794
What is 10100100000001001 (base 2) in base 4?
110200021
What is -370717 (base 10) in base 6?
-11540141
What is -28aa9 (base 15) in base 10?
-130659
b3ac53 (base 13) to base 4
33333322310
Convert 1244b2 (base 13) to base 6.
13215520
Convert 1532253 (base 6) to base 2.
10101111101101001
Convert -1113260 (base 10) to base 7.
-12314441
What is -1010101110111010011 (base 2) in base 3?
-122212102220
What is -154036a (base 11) in base 5?
-1133321234
What is -1656385 (base 9) in base 4?
-3201121202
-56340120 (base 7) to base 10
-4883697
-63416 (base 8) to base 13
-c015
What is -306e2d (base 15) in base 14?
-43ca9a
-1474833 (base 9) to base 8
-3074006
Convert -567c03 (base 13) to base 7.
-23245542
-211211221 (base 3) to base 8
-40421
-220221021011 (base 3) to base 7
-4112635
-136a (base 13) to base 7
-11066
Convert 1001111110000100 (base 2) to base 12.
1b770
What is -3145153 (base 6) in base 7?
-1211130
What is -52540440 (base 6) in base 15?
-205719
-233022011301 (base 4) to base 8
-57120561
Convert 215455 (base 13) to base 8.
2771036
Convert -12122313111 (base 4) to base 11.
-a4a430
Con